{"id":17,"date":"2015-12-12T12:28:43","date_gmt":"2015-12-12T12:28:43","guid":{"rendered":"http:\/\/185.22.115.20\/?page_id=17"},"modified":"2025-08-22T13:34:43","modified_gmt":"2025-08-22T13:34:43","slug":"oferta","status":"publish","type":"page","link":"https:\/\/biobyte.pl\/index.php\/oferta\/","title":{"rendered":"MMEDICA"},"content":{"rendered":"<p align=\"justify\"><a href=\"https:\/\/mmedica.asseco.pl\/\" target=\"_blank\" rel=\"noopener noreferrer\"><b>mMedica<\/b><\/a> to program wspomagaj\u0105cy prac\u0119 w zakresie obs\u0142ugi pacjenta i \u015bwiadczenia us\u0142ug medycznych. System pozwala m.in. na planowanie wizyt, rejestracj\u0119, gromadzenie i przetwarzanie danych medycznych, tworzenie elektronicznej dokumentacji medycznej oraz wystawianie recept. mMedica umo\u017cliwia pe\u0142ne rozliczenie si\u0119 z Narodowym Funduszem Zdrowia w ramach tzw. otwartego formatu XML.<\/p>\n<p align=\"justify\">Jako autoryzowany <b>partner<\/b> Asseco Poland S.A. zapewniamy kompleksow\u0105 obs\u0142ug\u0119 informatyczn\u0105 jednostek lecznictwa otwartego. Nasza opieka serwisowa gwarantuje sprawne funkcjonowanie przychodni oraz terminowe rozliczanie si\u0119 z NFZ. Oferujemy:<\/p>\n<p>&#8211; wdro\u017cenia oprogramowania mMedica,<br \/>\n&#8211; prowadzenie rozlicze\u0144 z Narodowym Funduszem Zdrowia,<br \/>\n&#8211; serwis oprogramowania mMedica,<br \/>\n&#8211; administrowanie serwerami,<br \/>\n&#8211; konserwacj\u0119 i napraw\u0119 system\u00f3w operacyjnych,<br \/>\n&#8211; konserwacj\u0119 i napraw\u0119 sprz\u0119tu komputerowego,<br \/>\n&#8211; archiwizacj\u0119 danych elektronicznych<\/p>\n<p align=\"justify\">Firma Biobyte jako jedna z pierwszych w Polsce otrzyma\u0142a w 2010 roku tytu\u0142 \u201eSrebrnego Partnera mMedica\u201d. Nasi informatycy realizuj\u0105 zaawansowane technicznie us\u0142ugi takie jak:<\/p>\n<p>&#8211; <strong>kompresja za\u0142\u0105cznik\u00f3w w bazie mMedica<\/strong><br \/>\n&#8211; <strong>migracja danych do mMedica (m.in. z eZOZ, KS-PPS,\u00a0 eMPendium, KS-SOMED)<\/strong><br \/>\n&#8211; tworzenie skrypt\u00f3w serwisowych modyfikuj\u0105cych dane statystyczne i rozliczeniowe,<br \/>\n&#8211; naprawa uszkodzonych baz danych PostgreSQL,<br \/>\n&#8211; scalanie baz danych mMedica,<br \/>\n&#8211; odzysk danych rozliczeniowych z paczek XML,<br \/>\n&#8211; optymalizacja dzia\u0142ania programu mMedica i PostgreSQL.<\/p>\n<p align=\"justify\"><b>Ponadto specjalizujemy si\u0119 w szkoleniach pracownik\u00f3w ZOZ\u00f3w z zakresu mMedica, NFZ oraz bezpiecze\u0144stwa informacji. Szkolenia przeprowadzamy zdalnie (przez internet) lub w siedzibie Klienta. Lista aktualnie dost\u0119pnych szkole\u0144 znajduje si\u0119 na stronie: <a href=\"https:\/\/mmedica.asseco.pl\/szkolenia\/\" target=\"_blank\" rel=\"noopener noreferrer\">szkolenia mMedica<\/a>.<b> <\/b><\/b><\/p>\n","protected":false},"excerpt":{"rendered":"<p>mMedica to program wspomagaj\u0105cy prac\u0119 w zakresie obs\u0142ugi pacjenta i \u015bwiadczenia us\u0142ug medycznych. System pozwala m.in. na planowanie wizyt, rejestracj\u0119, gromadzenie i przetwarzanie danych medycznych, tworzenie elektronicznej dokumentacji medycznej oraz wystawianie recept. mMedica umo\u017cliwia pe\u0142ne rozliczenie si\u0119 z Narodowym Funduszem Zdrowia w ramach tzw. otwartego formatu XML. Jako autoryzowany partner Asseco Poland S.A. zapewniamy kompleksow\u0105&#8230; <\/p>\n","protected":false},"author":1,"featured_media":0,"parent":0,"menu_order":0,"comment_status":"closed","ping_status":"closed","template":"left-sidebar.php","meta":{"footnotes":""},"class_list":["post-17","page","type-page","status-publish","hentry"],"_links":{"self":[{"href":"https:\/\/biobyte.pl\/index.php\/wp-json\/wp\/v2\/pages\/17","targetHints":{"allow":["GET"]}}],"collection":[{"href":"https:\/\/biobyte.pl\/index.php\/wp-json\/wp\/v2\/pages"}],"about":[{"href":"https:\/\/biobyte.pl\/index.php\/wp-json\/wp\/v2\/types\/page"}],"author":[{"embeddable":true,"href":"https:\/\/biobyte.pl\/index.php\/wp-json\/wp\/v2\/users\/1"}],"replies":[{"embeddable":true,"href":"https:\/\/biobyte.pl\/index.php\/wp-json\/wp\/v2\/comments?post=17"}],"version-history":[{"count":28,"href":"https:\/\/biobyte.pl\/index.php\/wp-json\/wp\/v2\/pages\/17\/revisions"}],"predecessor-version":[{"id":509,"href":"https:\/\/biobyte.pl\/index.php\/wp-json\/wp\/v2\/pages\/17\/revisions\/509"}],"wp:attachment":[{"href":"https:\/\/biobyte.pl\/index.php\/wp-json\/wp\/v2\/media?parent=17"}],"curies":[{"name":"wp","href":"https:\/\/api.w.org\/{rel}","templated":true}]}}