{"id":270,"date":"2018-02-19T09:08:21","date_gmt":"2018-02-19T09:08:21","guid":{"rendered":"http:\/\/biobyte.pl\/?page_id=270"},"modified":"2018-02-19T09:14:35","modified_gmt":"2018-02-19T09:14:35","slug":"multifaktura","status":"publish","type":"page","link":"https:\/\/biobyte.pl\/index.php\/oferta\/multifaktura\/","title":{"rendered":"multiFaktura"},"content":{"rendered":"<p><strong>multiFaktura<\/strong> to program, kt\u00f3ry w pe\u0142ni optymalizuje proces fakturowania w firmie.<br \/>\nOprogramowanie to umo\u017cliwia mi\u0119dzy innymi:<\/p>\n<p>&#8211; wystawianie faktur cyklicznych (seryjnych)<br \/>\n&#8211; w pe\u0142ni zautomatyzowan\u0105 dystrybucj\u0119 faktur VAT za po\u015brednictwem poczty elektronicznej oraz poczty tradycyjnej (Poczta Polska)<br \/>\n&#8211; generowanie raport\u00f3w PDF z wykonanych prac na rzecz Klient\u00f3w firmy<br \/>\n&#8211; zaczytywanie wyci\u0105g\u00f3w bankowych (CSV) w celu automatycznego oznaczenia faktur zap\u0142aconych<\/p>\n<p><strong>multiFaktura<\/strong> jest zintegrowana z oprogramowaniem <strong><a href=\"https:\/\/www.infakt.pl\/polecam\/biobyte\">infakt.pl<\/a><\/strong> oraz z <strong><a href=\"https:\/\/calendar.google.com\">kalendarzem Google<\/a><\/strong>.<br \/>\nIntegracja z <a href=\"https:\/\/www.infakt.pl\/polecam\/biobyte\">infakt.pl<\/a> zapewnia  m.in. dost\u0119pno\u015b\u0107 do danych z poziomu aplikacji www oraz aplikacji mobilnej.<br \/>\nIntegracja z <a href=\"https:\/\/calendar.google.com\">kalendarzem Google<\/a> stanowi elementem nowoczesnego sposobu raportowania czasu pracy spo\u017cytkowanego dla Klient\u00f3w firmy.<\/p>\n","protected":false},"excerpt":{"rendered":"<p>multiFaktura to program, kt\u00f3ry w pe\u0142ni optymalizuje proces fakturowania w firmie. Oprogramowanie to umo\u017cliwia mi\u0119dzy innymi: &#8211; wystawianie faktur cyklicznych (seryjnych) &#8211; w pe\u0142ni zautomatyzowan\u0105 dystrybucj\u0119 faktur VAT za po\u015brednictwem poczty elektronicznej oraz poczty tradycyjnej (Poczta Polska) &#8211; generowanie raport\u00f3w PDF z wykonanych prac na rzecz Klient\u00f3w firmy &#8211; zaczytywanie wyci\u0105g\u00f3w bankowych (CSV) w celu&#8230; <\/p>\n","protected":false},"author":1,"featured_media":0,"parent":17,"menu_order":0,"comment_status":"closed","ping_status":"closed","template":"left-sidebar.php","meta":{"footnotes":""},"class_list":["post-270","page","type-page","status-publish","hentry"],"_links":{"self":[{"href":"https:\/\/biobyte.pl\/index.php\/wp-json\/wp\/v2\/pages\/270","targetHints":{"allow":["GET"]}}],"collection":[{"href":"https:\/\/biobyte.pl\/index.php\/wp-json\/wp\/v2\/pages"}],"about":[{"href":"https:\/\/biobyte.pl\/index.php\/wp-json\/wp\/v2\/types\/page"}],"author":[{"embeddable":true,"href":"https:\/\/biobyte.pl\/index.php\/wp-json\/wp\/v2\/users\/1"}],"replies":[{"embeddable":true,"href":"https:\/\/biobyte.pl\/index.php\/wp-json\/wp\/v2\/comments?post=270"}],"version-history":[{"count":13,"href":"https:\/\/biobyte.pl\/index.php\/wp-json\/wp\/v2\/pages\/270\/revisions"}],"predecessor-version":[{"id":285,"href":"https:\/\/biobyte.pl\/index.php\/wp-json\/wp\/v2\/pages\/270\/revisions\/285"}],"up":[{"embeddable":true,"href":"https:\/\/biobyte.pl\/index.php\/wp-json\/wp\/v2\/pages\/17"}],"wp:attachment":[{"href":"https:\/\/biobyte.pl\/index.php\/wp-json\/wp\/v2\/media?parent=270"}],"curies":[{"name":"wp","href":"https:\/\/api.w.org\/{rel}","templated":true}]}}